r(-13).
16
Let q(p) = -111*p - 6473. Determine q(-58).
-35
Let b(q) = -q**3 - 8*q**2 - 70*q - 280. Calculate b(-5).
-5
Let y(p) = -p**2 - 32*p + 920. Calculate y(19).
-49
Let z(c) = 6*c + 166. Calculate z(-6).
130
Let o(w) = -75*w + 1144. Give o(14).
94
Let m(y) = y**3 + 7*y**2 - 77*y - 6. What is m(-13)?
-19
Let i(h) = -813*h - 11422. Calculate i(-14).
-40
Let v(z) = -z**3 + 10*z**2 + 52*z + 30. What is v(14)?
-26
Let t(k) = -2*k**3 + 149*k + 442. Calculate t(-3).
49
Let r(h) = -h**3 - 10*h**2 - 16*h. Give r(-8).
0
Let j(m) = -2*m + 154. Give j(31).
92
Let j(w) = w**2 + 114*w + 2855. Determine j(-77).
6
Let u(z) = -5*z**2 - 488*z + 708. Calculate u(-99).
15
Let t(r) = -3*r**2 + 45*r + 21. Give t(13).
99
Let p(x) = 57*x**2 - 347*x + 27. Calculate p(6).
-3
Let f(o) = 7*o - 53. Determine f(-9).
-116
Let b(y) = -130*y - 5075. Determine b(-39).
-5
Let o(d) = -d**3 + 105*d**2 + 669*d - 317. Calculate o(111).
16
Let v(f) = f**3 + 46*f**2 - 99*f - 100. Calculate v(-48).
44
Let d(h) = 14*h - 73. Determine d(-3).
-115
Let n(c) = -c**3 - 52*c**2 - 46*c - 43. Give n(-51).
-298
Let h(c) = -c**2 - 4*c + 118. Determine h(-12).
22
Let a(c) = 4*c + 37. What is a(-25)?
-63
Let p(v) = -8*v + 121. Determine p(15).
1
Let y(n) = n**3 - 13*n + 22. What is y(-6)?
-116
Let h(i) = i**2 + 756*i + 11840. What is h(-16)?
0
Let x(v) = 2*v**2 + 20*v - 44. What is x(-13)?
34
Let t(r) = -2219*r - 13249. What is t(-6)?
65
Let t(y) = -y**3 + 38*y**2 - 100*y + 5360. What is t(39)?
-61
Let f(h) = -8*h**2 - 202*h - 39. Determine f(-25).
11
Let d(y) = -94*y - 2437. Calculate d(-26).
7
Let w(z) = -332*z + 34201. Calculate w(103).
5
Let m(f) = f**3 + 36*f**2 + 102*f + 97. Calculate m(-33).
-2
Let z(b) = 61*b - 413. Calculate z(7).
14
Let a(w) = -85*w + 7573. Give a(89).
8
Let d(h) = 2*h**2 - 47*h - 221. Calculate d(27).
-32
Let x(q) = q**2 - 87*q - 1588. Calculate x(102).
-58
Let p(s) = -20*s**3 + 4*s**2 - 4. Give p(-2).
172
Let k(r) = 2*r**3 - 65*r**2 + 30*r + 21. What is k(32)?
-43
Let v(c) = -792*c - 26925. Give v(-34).
3
Let z(o) = 2*o**2 - 60*o - 2018. Calculate z(50).
-18
Let h(p) = -p**3 - 75*p**2 + 852*p + 165. Give h(-85).
-5
Let a(q) = -4*q**3 - 13*q**2 + 77*q - 112. Determine a(2).
-42
Let q(n) = 3*n**2 + 23*n - 14. Determine q(-8).
-6
Let b(q) = q**2 + 41*q + 277. Give b(-32).
-11
Let v(p) = -4*p**3 + 150*p**2 + 74*p + 69. What is v(38)?
-7
Let w(b) = -774*b + 3875. Calculate w(5).
5
Let w(u) = 10*u + 10. Calculate w(-4).
-30
Let j(p) = 4*p**2 - 19*p - 8. Determine j(7).
55
Let c(k) = k**3 - 14*k**2 + 32. Calculate c(15).
257
Let y(v) = 2*v**2 - 20*v - 1720. What is y(-25)?
30
Let x(s) = -2*s**3 - 135*s**2 - 550*s + 1067. Determine x(-63).
-4
Let a(u) = -u**3 - 5*u**2 - 4*u + 14. What is a(-6)?
74
Let q(d) = 12*d**2 + 827*d - 64. What is q(-69)?
5
Let g(s) = s**3 - 3*s**2 - 11*s + 17. Determine g(-3).
-4
Let b(w) = w**3 + 9*w**2 + 444*w + 4541. What is b(-10)?
1
Let m(k) = 2*k**2 - 1830*k - 9167. Give m(-5).
33
Let z(i) = -12*i**2 + 50*i + 9. Give z(4).
17
Let k(i) = -83*i**2 + 1004*i - 73. Calculate k(12).
23
Let r(f) = 19*f**2 + 10*f + 12. Calculate r(-2).
68
Let i(m) = -m**2 + 11*m + 159. Determine i(-10).
-51
Let k(n) = -n**2 + 85*n + 2887. Calculate k(-26).
1
Let z(n) = -n**3 + 20*n**2 + 51*n - 634. Give z(21).
-4
Let b(m) = -203*m**2 - 829*m - 8. Give b(-4).
60
Let c(v) = 122*v**3 - 247*v**2 + 2*v + 4. Give c(2).
-4
Let u(q) = 2*q**3 + 84*q**2 - 89*q - 165. Calculate u(-43).
-36
Let r(u) = u**3 - 8*u**2 + 25*u - 153. Calculate r(7).
-27
Let k(m) = 31*m + 227. Calculate k(15).
692
Let j(g) = -1830*g - 14638. Calculate j(-8).
2
Let g(k) = k**3 + 6*k**2 - 18*k - 42. Give g(-7).
35
Let v(l) = -l**3 + 72*l**2 + 144*l + 196. What is v(74)?
-100
Let c(p) = -2*p**2 + 113*p + 238. Determine c(-2).
4
Let z(w) = -636*w - 50871. What is z(-80)?
9
Let z(w) = 10*w**2 - 4*w - 3. Determine z(-4).
173
Let c(w) = w**3 + 123*w**2 + 595*w + 585. Determine c(-118).
-5
Let d(j) = -j**2 + 1432*j - 8518. Give d(6).
38
Let s(k) = k**2 - 25*k + 79. What is s(23)?
33
Let u(i) = i**3 + 450*i**2 + 889*i - 22. Determine u(-2).
-8
Let w(f) = 2*f**3 - 114*f**2 - 755*f - 3. Determine w(-6).
-9
Let b(f) = -f**2 - 9*f + 35. Determine b(4).
-17
Let w(z) = -2*z**3 - 105*z**2 + 63*z + 540. Give w(-53).
10
Let x(p) = 2*p**3 - 9*p**2 + 17*p - 5. Determine x(2).
9
Let g(n) = -33*n - 235. Calculate g(-3).
-136
Let s(m) = -27*m + 616. Calculate s(24).
-32
Let i(x) = 32*x - 643. Give i(21).
29
Let h(k) = 17*k + 1270. Calculate h(-72).
46
Let u(s) = -30*s**2 + 63*s + 63. Determine u(-1).
-30
Let o(z) = -z**3 - 104*z**2 + 660*z + 10. Determine o(-110).
10
Let x(p) = p**3 - 45*p**2 + 419*p - 7. Give x(13).
32
Let f(v) = 2*v**3 - 6*v**2 - 7*v + 20. Give f(4).
24
Let v(i) = 13*i - 297. What is v(22)?
-11
Let f(k) = k**3 + 11*k**2 + 10*k - 25. Calculate f(-10).
-25
Let h(d) = 15*d + 49. Determine h(-7).
-56
Let j(m) = 4*m**2 + 38*m - 3. Calculate j(-11).
63
Let g(u) = -211*u - 11389. Determine g(-54).
5
Let w(o) = 7*o**3 - 13*o**2 - 7*o + 17. Determine w(2).
7
Let z(j) = 6*j**3 + 32*j**2 + 14*j + 41. What is z(-6)?
-187
Let k(c) = -c**3 + 13*c**2 + 5*c + 7. Calculate k(0).
7
Let i(s) = 592*s + 17167. Determine i(-29).
-1
Let g(q) = 6*q + 36. Calculate g(6).
72
Let w(b) = -570*b + 8666. Give w(15).
116
Let q(n) = 16*n. Calculate q(-8).
-128
Let a(w) = 4*w**2 - 832*w + 4848. Calculate a(6).
0
Let p(s) = -2*s**3 + 23*s**2 - 448*s + 3138. Calculate p(8).
2
Let a(w) = 42*w**2 + 10*w - 89. What is a(-2)?
59
Let p(v) = -2*v**3 + 211*v**2 + 105*v + 92. Determine p(106).
-14
Let g(s) = -2*s**2 + 13*s + 2092. Calculate g(-29).
33
Let q(t) = -786*t - 2343. Determine q(-3).
15
Let j(s) = -325*s**2 - 4864*s + 171. Give j(-15).
6
Let g(a) = 25035*a - 50070. Calculate g(2).
0
Let a(g) = -327*g + 4256. Give a(13).
5
Let r(s) = -42*s - 375. What is r(-9)?
3
Let t(s) = -s**3 - 9*s**2 + 2*s + 5. What is t(-4)?
-83
Let l(h) = 10*h + 238. Determine l(-19).
48
Let a(p) = p**2 - 348*p + 27951. Determine a(126).
-21
Let s(i) = 4*i**2 + 233*i - 1204. Give s(-63).
-7
Let l(k) = -k**3 + 47*k**2 + 506*k - 104. Calculate l(56).
8
Let s(k) = 6*k**3 - 5*k**2 - k + 7. Calculate s(2).
33
Let i(w) = -w**2 - 1482*w + 5961. Determine i(4).
17
Let r(u) = 20*u**2 + 222*u - 217. Calculate r(-12).
-1
Let f(d) = d**3 - 7*d**2 + 11*d + 6. Calculate f(7).
83
Let q(p) = -35*p**2 - 2414*p + 87. What is q(-69)?
18
Let b(k) = k**3 - 71*k**2 - 374*k - 13. Give b(76).
443
Let o(z) = -285*z - 182. Calculate o(1).
-467
Let z(d) = 830*d - 4806. Determine z(6).
174
Let v(c) = 31*c**3 - 3*c**2 - c + 18. Calculate v(2).
252
Let j(w) = -w**2 + 4. What is j(-3)?
-5
Let z(n) = -51*n + 887. Give z(18).
-31
Let x(s) = s**3 + 10*s**2 + 6*s - 22. Determine x(-9).
5
Let v(f) = -4*f**2 + 512*f + 10522. What is v(146)?
10
Let f(j) = 4*j**2 + 543*j + 10015. Calculate f(-22).
5
Let f(t) = 124*t - 3107. Give f(25).
-7
Let i(j) = -j**3 - 2*j**2 + 16*j - 33. Calculate i(3).
-30
Let d(a) = a**3 - 18*a**2 - 40*a - 7. What is d(20)?
-7
Let d(f) = f**3 - 27*f**2 + 29*f + 38. Calculate d(26).
116
Let t(z) = 38*z + 607. Give t(-15).
37
Let x(q) = 558*q - 3942. Calculate x(7).
-36
Let s(y) = y**3 - 32*y**2 - 83*y - 78. What is s(35)?
692
Let z(f) = -663*f + 14584. Determine z(22).
-2
Let t(x) = 168*x + 849. Give t(-5).
9
Let b(j) = 18*j**3 + 3*j**2 + 3*j - 1. What is b(-2)?
-139
Let i(k) = 3*k - 56. Calculate i(26).
22
Let n(w) = -105*w - 1111. Determine n(-10).
-61
Let g(p) = -3*p**3 - p**2 + 17*p + 151. Give g(-6).
661
Let x(g) = -g**3 - 5*g**2 + 76*g + 12. Give x(6).
72
Let y(d) = -d**3 - 14*d**2 - d - 13. Calculate y(-14).
1
Let x(s) = -379*s - 3021. What is x(-8)?
11
Let z(n) = -6*n**3 + 9*n**2 - 18*n + 3. What is z(4)?
-309
Let m(z) = -132*z - 885. Determine m(-7).
39
Let p(b) = 2*b**2 + 17*b - 33. What is p(8)?
231
Let f(t) = -476*t - 105. What is f(-1)?
371
Let m(z) = 2*z**3 - 296*z**2 + 1968*z + 847. Determine m(141).
1
Let k(l) = -l**2 + 60*l - 857. What is k(37)?
-6
Let c(f) = -221*f + 2872. Calculate c(13).
-1
Let q(t) = -12*t**2 - 209*t + 133. Determine q(-18).
7
Let j(h) = -612*h + 5510. Determine j(9).
2
Let c(q) = -55*q**2 + 438*q + 13. Calculate c(8).
-3
Let a(q) = -q**3 + 54*q**2 + 171*q + 52. Give a(57).
52
Let i(h) = -92*h + 2693. Determine i(35).
-527
Let f(b) = 1